4 - (0 - (-9 + -7))) + (76 - 1) + -13?
70
Calculate 0 + -9 + 8 + 4 + -12 - 0.
-9
Evaluate 8 + 51 + (-3 - 9).
47
-19 - 4 - (-9 + 25 + -22 - 5)
-12
What is 3551 + -3566 + (-1 - -14)?
-2
((18 - (-7 + 11)) + 13 - 3) + 9
33
7 - (-2 + (-1 - 1) - ((-21 - -7) + -19))
-22
What is 16 + -4 + -424 + 370?
-42
0 - (-14 + 0 - ((15 - (-21 + 42)) + 115))
123
Calculate -34 + 6 - (2 + -95) - (-2 + -7).
74
What is the value of -20 - (-6 + (16 + 8 - 0) - 14)?
-24
Calculate (-9 - -32 - 14) + (-107 + 1 - (21 + -15)).
-103
Evaluate -16 + (18 - 8) + 7 + -8 + 22.
15
Evaluate -790 + 806 - (-22 + -10).
48
What is the value of (39 - (2 - 2)) + (5238 - 5210)?
67
-26 + (-9 - (-9 + 1)) - (2 + 0) - -4
-25
33 - (8 - (-68 - -46))
3
What is (-2 - -4) + 0 + (10 - 3)?
9
Evaluate 15 + (-35 - -22) + 72 + 10.
84
What is the value of -989 + 923 - (-2 - (-4 + 0))?
-68
Calculate 91 + -2 + (2 - 1) + -133 + (-24 - -166).
99
Calculate (-72 - -118) + -55 - (-19 + 0 + 0).
10
-107 + -5 + 52 - -12
-48
What is the value of -83 - (-24 + (-37 - -19) + -9)?
-32
43 + (-41 - (-23 + 23 + -20))
22
What is (10 - 0) + (-5176 - -5185) + -11 + (2 - 0)?
10
What is the value of 13 + 46 - ((120 - 55) + -84)?
78
Calculate -156 + 110 - -117 - (30 + -1).
42
(-2 - 2) + -33 + 50 + -39 + -13
-39
What is (7 + -2 - -103) + (12 - -4) + -10?
114
Evaluate -69 - (102 - (169 - -8)).
6
Evaluate -1 + 0 + -10 - ((30 - -51) + -73 + -144).
125
What is ((0 - 9) + 9 + 10 - 10) + -6?
-6
What is -2 + (1 + 0 + 4 - 4) - (107 - 128)?
20
-15 + -3 + 31 - (16 + -2)
-1
What is (4 - 22) + -49 - (23 - -23)?
-113
8 + -27 + -21 + 4 + -4
-40
Calculate 37 + -64 - -12 - -25 - (166 - 0).
-156
What is -18 + -1 + (11 - 26) + -9?
-43
16 - 0 - (-62 - -104)
-26
What is the value of 1 + (1 - (2 + 21) - (1863 - 1871))?
-13
-11 - (-12 + -18 + 96 + -24)
-53
What is 60 - ((5 - 39) + (2 - -14))?
78
33 + (-246 - -100 - -86)
-27
What is 12 - (-17 - -41 - 19 - 4)?
11
(1 - 0) + (-13 - 6) + (-29 - -3)
-44
What is (3 + 2 + 5 - (-85 + 95)) + 8?
8
What is 27 + -23 - (1 + 15 + (6 - 13))?
-5
What is the value of 0 + 68 - 9 - (23 + -5)?
41
Evaluate (0 - -1 - -1) + (2719 - 2734).
-13
-14 + (13 - (37 + (-26 - -8)) - (-114 - 3))
97
Evaluate -7 + 17 + 54 - (4 - (3 + (14 - 2))).
75
Calculate -79 + 118 - (-26 - (-48 - -12)).
29
Calculate -81 + 139 + 16 - 47.
27
Evaluate -4 - (-5 - -6) - 44 - (13 + -25).
-37
-23 + -131 + 158 - (0 + (-4 - 1))
9
(-59 - 36) + 55 - -18
-22
Calculate 4 + -65 - (6 - 24 - 1).
-42
What is the value of 16 - (9 - 20 - (4 + -84 + -5))?
-58
What is -10 - (-21 - (9 + 1 + -11 + -4))?
6
66 + 4 - (1199 - 1035)
-94
Evaluate 26 + 3 - ((55 - 94) + 46) - -63.
85
-35 + -4 + 2 + 2878 + -2832
9
What is (32 - 29) + (11 - 5 - 4) + -10?
-5
Evaluate (58279 - 58281) + (-1 - 7) + 0 + 0.
-10
Evaluate -29 - 10 - (12 + -79).
28
What is -176 + 181 - (-6 + 2 + (8 - 0))?
1
Calculate -47 + 65 + (90 - 65).
43
What is -15 - (-37 - (-39 + 16)) - -25?
24
What is the value of (-73 - (6 + -163)) + -34?
50
Evaluate -48 + (12 - (-178 + (-11 - 4))).
157
What is -10 + 14 + (18 + -5 - (-2 - -16))?
3
Evaluate 73 + -115 + -24 + 60 + (110 - (0 - 0)).
104
Calculate (-3 - -21) + -8 + 7 + 7.
24
Evaluate 63 - (123 - (165 + -53)).
52
Calculate -4 + (8 - -26) + -20.
10
Calculate -12 - (3 + -2) - ((38 - 48) + -43).
40
Calculate -5 + (-10 + 0 - ((-6 - 0) + (-213 - -150))).
54
Evaluate 14 + 5 - 22 - (1 + 2 - (6 + 54)).
54
Calculate -97 + (71 - 21) + -5.
-52
What is the value of -1 - (21 + (-2 - -17) + -39)?
2
Evaluate (7 + (3 - 38) - 16) + 161.
117
Evaluate (-24 - -6) + 7 - ((-4 - 4) + 2).
-5
Calculate -4 + (-7 + 4 - (18 - -9)).
-34
What is the value of -33 + (0 - -16) + 31 + (10 - 1)?
23
What is the value of -2 + 10 + (-36 - -26) + (39 - 11)?
26
What is 80 + -3 + 4051 + -4059?
69
8 - (9 - (1 - 1) - (-62 - -50 - -16))
3
Calculate 2 - 0 - (14 + (13 - (21 + -5))).
-9
-26 + 12 + -32 + 9
-37
(11 - (-21 + -13)) + -10 + 2
37
What is the value of -69 - ((-6 - -6) + -16) - (-8 + 22)?
-67
(1 - -19) + (-112 - -183 - 31)
60
What is the value of 131 + -100 + 2 + 20?
53
Evaluate (11178 - 11171) + (-1 + 1 + (-1 - 0) - -42).
48
What is the value of 8 - (108 + -7 + -5) - (-8 + (20 - 10))?
-90
What is -59 + (-3 - 9) + 23 + (4 - 14) + 7?
-51
Evaluate (-22 - 1) + (3565 - 3557).
-15
What is -32 - -18 - (-36 + -1 + -20)?
43
What is -10 - (21 + -60 + (-123 - -43))?
109
Calculate -7061 + 7133 - (79 + -1).
-6
Calculate (9 - 0 - 5) + -14.
-10
Evaluate 229 - 209 - (-9 + -2 + -2).
33
Calculate 68 - ((-21 - -52) + -6).
43
Calculate -2 + 7 + 9 + -1 + 19.
32
What is (25 + 21 - (-13 - (1 + 4))) + 10?
74
Calculate 119 - (170 + -105 + -1 + -29).
84
What is -42 + 54 + 2 + -3 + 9 - -14?
34
What is (-91 - -193 - 98) + (0 - 25 - (2 + -1))?
-22
Calculate -9 + 14 - 11 - -23 - (38 + 47).
-68
22 - 57 - (-13 - -21)
-43
Calculate 26 + 1 + (-40 - (-131 + 90)).
28
-127 + 3 + 6 + -205 + 222
-101
Evaluate (2 + -27 + (15 + -23 - -9) - -13) + 34.
23
Evaluate 3 + -2 + 107 + -2 + -1 - (935 - 934).
104
Evaluate -89 - (-20 + (36 - 17) + -9 - (7 - 5)).
-77
Calculate 117 - 17 - 158 - 6.
-64
What is the value of -40 - (-26 + -23) - 36?
-27
What is (19 - (72 - 25)) + (-2 - 23)?
-53
Evaluate 8 + (6 - 7 - -3 - -4 - (7 - 1)).
8
-98 - (-7 + (-21 - 0) + 21 + -3)
-88
Calculate (2 - -31) + -85 - -80.
28
What is -27 + 53 + (-2 - -1) + -1 - (-96 - -81)?
39
Calculate -12 - -7 - -20 - (-112 - -129).
-2
Calculate 7 - (30 + 1 - (5 - (2 + (4 - 3)))).
-22
What is the value of (-15 - 1) + 230 + (-56 - 92)?
66
What is (2 - 15) + (-49 + 49 - 4)?
-17
-2 + 47 + -401 + 394
38
What is the value of (54 - 43) + -35 + 19?
-5
Calculate (-14 + 6 - 4) + 29 - (-4 + 15).
6
What is the value of 116 + (79 - 174 - -45)?
66
-43 + -36 + 31 + -40 + -3
-91
What is the value of -6 - (-6 + -3) - -2 - (-3 + 5 + -62)?
65
What is (-38 - 24 - -26 - (-11 + -2)) + 10?
-13
Calculate (-8 - 5 - -23) + -7.
3
Calculate -6 - (-5 + 1 - (50 + -53 - 36)).
-41
Calculate 286 + -329 + (10 - 1) - 23.
-57
Calculate -39 + (9 - (6 + (-11 - (-37 + 18)))).
-44
Calculate 7 - (-15 + 21 + -20 - -52).
-31
What is -50 + -10 + 39 - (1 - -4)?
-26
Calculate -16 + -13 - (-181 + 128).
24
Evaluate (-7 - -3) + -61 + 63 + -59.
-61
Evaluate (-137 - (-292 + 152)) + (53 - (2 - 1)).
55
What is 19 + -18 + 9 + -43 + 9 + 93?
69
What is the value of 3 - ((3 - 1) + (4 - (-15 + 14 + 3)))?
-1
What is 69 - (36 + -8 - 8 - 17 - (-5 + 3))?
64
Evaluate (0 - 17) + (12 - (16 + -9) - 16).
-28
What is -12 + (-13 - -55 - 44)?
-14
What is the value of -65 + (-1 + (-1 - -34) - (8200 + -8184))?
-49
(92 + -64 - 56) + (0 - 0)
-28
Calculate 353 + -444 - (-58 + 19).
-52
Calculate 3 + 1 + 5 + (-17 - 5) + -25 + 37.
-1
What is the value of -50 + (-4 + -13 - (-2 - (13 + -8))) + 10?
-50
13 + -36 + 33 - -37
47
Calculate -9 + 6 + 4 + -42 - (0 + -7).
-34
What is (-35 - (21 + -54) - 13) + 126?
111
What is 4 - (1 + (-1 - -117) - (-2947 + 2962))?
-98
(-37 - (31 + -61)) + -15 - -99
77
-3 + -16 + 44 - (-12 + 15 + -3)
25
-60 - (-6 + -4 - (-4 + -8 + -4))
-66
What is (1 - 20) + 1 + -4 + 77 + -109?
-54
Calculate -13 - (-22 - -75) - -56.
-10
Calculate 43 + (-24 + 7 - (9 + -4)).
21
Calculate -84 - (-98 - -27) - (-2 + -9).
-2
Calculate (-26 - -36 - (-1 + 7 - (15 + -15))) + -27.
-23
What is 695 + -700 - (-14 - 2)?
11
What is the value of -17 + 26 - (153 - 229)?
85
Calculate 74 + -115 + 61 + 17.
37
Calculate (-16 - -32) + -6 - (-23 + -40).
73
Evaluate 99 + -37 - (2 - (37 - 5)).
92
(24 - (18 - (7 - -7))) + -7 - 3
10
Evaluate -17 - (-86 - 2) - 31.
40
What is (-61 + 42 - (2 - -25)) + 15?
-31
Evaluate -56 + 47 + 8 + 41.
40
What is the value of 6 + -21 + (4 - 15 - 0) + -5?
-31
Evaluate -3 + 41 - 3 - (-4 - 56 - -67).
28
What is the value of -24 + (19 - 11 - -125) - (11 - 3 - -2)?
99
Calculate 64 + (18 - -70) + -17.
135
Calculate (5 - 2) + (-4 - 3 - -9) - 2 - 63.
-60
What is 2 - (-8 + 17 - (13 + -2) - -12)?
-8
19 - (60 - (-3 - -35)) - 26
-35
Calculate (0 - 4) + 19 + -1 - (848 + -763).
-71
-6 + 0 + (7 + -11 + 3 - (-15 - 54))
62
What is the value of 58 - (-13 - (-23 - 5))?
43
Calculate 2 + 0 - (-150 - -187) - 9.
-44
Evaluate -39 - (93 + (118 - 261)).
11
10 - (10 + -12) - (-3 - -1 - -11)
3
What is the value of (4 - -1) + -20 + 4 + -129 + 18?
-122
-101 + ((-4 - 12) + 55 - 20)
-82
Calculate -743 - -661 - (-53 - 1).
-28
What is the value of 19 + 5 + 11 + -29 + (-15 - 1)?
-10
What is 9